).
-256
Let z(v) = -2*v**3 + 29*v**2 - 87*v - 31. Give z(10).
-1
Let u(x) = -5*x**3 - 11*x**2 + x + 45. Give u(4).
-447
Let k(l) = -l**3 - 11*l**2 + 66*l + 722. Determine k(-10).
-38
Let h(q) = -16*q**3 - 130*q**2 + 1329*q + 183. Give h(-14).
1
Let g(o) = o**3 - 241*o**2 + 3417*o - 6058. What is g(226)?
44
Let z(c) = 63660*c - 1273228. Calculate z(20).
-28
Let p(j) = -5517*j - 838671. What is p(-152)?
-87
Let t(a) = a**3 + 2*a**2 - 191*a - 1041. Give t(-8).
103
Let h(a) = 5529*a - 38654. Determine h(7).
49
Let u(w) = 1837*w + 19091. Determine u(-10).
721
Let a(u) = -16*u**3 - u**2 - 6489*u - 12976. Calculate a(-2).
126
Let u(b) = -8441*b + 1105920. What is u(131)?
149
Let h(w) = 3707*w - 84524. Determine h(23).
737
Let g(n) = -2*n**2 + 7290*n - 65502. Give g(9).
-54
Let j(m) = 2*m**3 - 34*m**2 + 267*m - 1209. Determine j(10).
61
Let v(z) = -610*z + 200076. Give v(328).
-4
Let g(k) = 103*k**3 + 138*k**2 - 139*k - 1. Give g(1).
101
Let q(g) = -g**2 + 44608*g - 1871776. Give q(42).
-4
Let i(j) = -505*j - 19254. Determine i(-38).
-64
Let g(z) = 775*z + 70285. Calculate g(-91).
-240
Let u(l) = -222*l - 16717. What is u(-76)?
155
Let i(r) = -581*r - 817. Give i(-5).
2088
Let o(j) = -j**3 + 90*j**2 - 1174*j - 784. Determine o(74).
-44
Let f(b) = -b**3 + 211*b**2 + 361*b - 31583. Calculate f(212).
5
Let o(z) = -101*z**3 + 31*z**2 - 48*z - 18. What is o(2)?
-798
Let q(b) = 12807*b - 2727827. Calculate q(213).
64
Let p(h) = -6*h**3 - 1046*h**2 - 4431*h - 1902. Determine p(-170).
-32
Let k(y) = 2*y**3 + 399*y**2 + 2513*y + 659. Determine k(-193).
-113
Let k(s) = -354*s**2 - 1980*s + 5. Calculate k(-5).
1055
Let f(j) = j**2 - 868*j - 32659. Calculate f(-36).
-115
Let h(m) = 553266*m - 6639203. Calculate h(12).
-11
Let h(a) = a**3 - a**2 - 10*a - 868. Calculate h(0).
-868
Let o(b) = 67975*b + 1291495. What is o(-19)?
-30
Let a(x) = x**3 + 15*x**2 + 107*x - 49. Calculate a(-12).
-901
Let z(q) = -q**3 - 224*q**2 - 1368*q + 7724. What is z(-10)?
4
Let x(a) = 163132*a - 13703088. Determine x(84).
0
Let y(t) = 1375*t - 2757. Determine y(2).
-7
Let u(i) = 3*i**2 - 1652*i - 23714. Give u(-14).
2
Let c(a) = -9*a**3 + 6*a**2 + 14*a + 22. Calculate c(-4).
638
Let y(u) = -11*u**2 - 2282*u - 31815. Calculate y(-14).
-2023
Let l(r) = -r**3 - 65*r**2 - 4391*r - 75789. Determine l(-22).
1
Let p(n) = -959*n + 56590. Give p(59).
9
Let t(q) = -q**3 + 26*q**2 - 139*q - 107. Determine t(14).
299
Let j(g) = g**3 - 23*g**2 + 2178*g + 4445. Calculate j(-2).
-11
Let o(f) = 7022*f + 279. What is o(0)?
279
Let i(l) = -l**2 - 152*l - 3836. Calculate i(-141).
-2285
Let f(r) = 3*r**2 + 215*r - 64703. Determine f(-187).
-1
Let i(l) = l**3 - 111*l**2 - 20*l - 9663. What is i(112)?
641
Let i(k) = k**2 - 108*k + 2603. Determine i(36).
11
Let r(y) = -y**2 - 19*y + 3254. What is r(49)?
-78
Let w(g) = 7*g**2 + 29*g - 2798. Give w(18).
-8
Let k(c) = -c**3 + 172*c**2 - 880*c - 702. Give k(6).
-6
Let m(n) = 13*n**3 - 1510*n**2 - 175*n + 47146. Determine m(116).
-66
Let j(c) = 7*c**3 + 370*c**2 + 1621*c - 136. What is j(-48)?
392
Let l(j) = -15*j**2 - 9054*j - 9055. What is l(-1)?
-16
Let v(i) = 223*i + 35610. Calculate v(-163).
-739
Let a(x) = -x**2 - 54*x + 333. Give a(-81).
-1854
Let t(v) = -v**2 + 96*v - 1178. Calculate t(91).
-723
Let p(b) = b**3 - 65*b**2 - 15*b + 937. Calculate p(65).
-38
Let z(p) = 6558*p - 52291. Give z(8).
173
Let d(j) = j**3 - 41*j**2 + 28*j + 1141. Give d(38).
-2127
Let d(p) = -28*p**2 - 124*p - 50. What is d(-5)?
-130
Let l(u) = 2*u**3 - 91*u**2 + 38*u + 233. What is l(46)?
4097
Let o(s) = 20009*s + 1520702. Calculate o(-76).
18
Let t(z) = -3*z**3 - 111*z**2 - 835*z - 47805. What is t(-40)?
-5
Let l(b) = 4*b**2 + 6986*b + 110676. What is l(-16)?
-76
Let k(p) = 4*p**2 + 183*p + 2321. Determine k(-29).
378
Let a(z) = -z**3 - 24*z**2 + 1010*z + 207. Give a(22).
163
Let a(o) = 2*o**3 + 97*o**2 - 142*o + 391. What is a(-50)?
-9
Let c(n) = -n**3 + 313*n**2 + 651*n - 6624. Give c(315).
-9
Let h(j) = j**2 + 6114*j + 3249292. Calculate h(-588).
4
Let b(d) = -d**3 - 125*d**2 - 3425*d + 220. What is b(-41)?
-559
Let o(z) = -6*z**3 - 43*z**2 + 174*z + 678. Give o(-9).
3
Let n(p) = -p**3 + 84*p**2 - 1728*p - 7. What is n(48)?
-7
Let w(b) = -4667*b + 37306. Determine w(8).
-30
Let o(y) = -49*y**3 - 490*y**2 + 1704*y + 17063. What is o(-10)?
23
Let f(m) = -m**3 - 31*m**2 - 458*m - 9458. Calculate f(-27).
-8
Let s(r) = r**3 + 355*r**2 - 2169*r + 19. Give s(6).
1
Let p(u) = u**3 + 70*u**2 + 4253*u + 336630. Give p(-74).
4
Let l(n) = 3140*n - 21706. What is l(7)?
274
Let q(s) = 3232*s + 161813. Calculate q(-50).
213
Let i(r) = -3*r**2 - 2745*r - 483386. Give i(-238).
-8
Let m(d) = 34*d**2 + 594*d - 19. What is m(0)?
-19
Let m(b) = -8759*b + 1427771. What is m(163)?
54
Let m(g) = 15*g**2 - 22432*g - 733179. Calculate m(-32).
5
Let v(c) = 814*c - 902. Give v(1).
-88
Let j(w) = w**2 + 625*w - 117147. Determine j(151).
29
Let i(l) = -22*l**2 + 7203*l + 66576. Give i(-9).
-33
Let a(l) = 637*l - 26733. Give a(41).
-616
Let q(t) = 766*t + 4682. Give q(-6).
86
Let c(d) = -35*d**3 - 109*d**2 + 194*d + 480. Determine c(-2).
-64
Let j(o) = -84*o + 1266. Give j(17).
-162
Let n(i) = -4*i**2 - 151391*i - 908206. Give n(-6).
-4
Let x(f) = -f**3 - f**2 + 105*f + 45. Determine x(-13).
708
Let c(b) = 15*b**2 + 13198*b + 39608. What is c(-3)?
149
Let s(t) = -43*t - 7735. Calculate s(-136).
-1887
Let b(x) = -92484*x - 4254274. Determine b(-46).
-10
Let h(s) = -2*s**2 - 641*s - 2743. Give h(-4).
-211
Let h(x) = -x**2 + 505*x - 47509. What is h(125)?
-9
Let a(s) = 4*s**2 - 87513*s + 874723. Give a(10).
-7
Let b(x) = x**3 + x**2 - 142*x - 15. What is b(-15)?
-1035
Let h(w) = 5*w**3 - 72*w**2 - 21*w - 419. What is h(15)?
-59
Let j(i) = -i**3 - 19*i**2 + 59*i + 1417. Calculate j(-18).
31
Let x(r) = -496*r**3 - 2462*r**2 - 10*r - 494. Determine x(-5).
6
Let f(s) = 2*s**3 + 1352*s**2 + 13315*s - 45. Calculate f(-10).
5
Let o(i) = 2020*i + 14112. Calculate o(-7).
-28
Let s(w) = -3*w**2 - 159*w - 1621. Calculate s(-13).
-61
Let z(i) = 1296*i - 312365. Give z(241).
-29
Let b(m) = 177*m + 1031. Give b(-5).
146
Let w(c) = -2*c**3 - 10*c**2 - 8*c - 53. What is w(-5)?
-13
Let o(c) = -c**3 - 178*c**2 + 1066*c - 6970. What is o(-184)?
22
Let z(v) = 1282*v - 694833. Give z(542).
11
Let t(o) = 174*o + 13702. What is t(-103)?
-4220
Let k(l) = 2*l**3 - 207*l**2 + 139*l - 25107. What is k(104)?
165
Let t(k) = -2*k**2 - 1091*k - 30956. Calculate t(-30).
-26
Let n(h) = -6*h**2 - 44*h + 3938. What is n(23)?
-248
Let u(h) = -22*h**3 - 281*h**2 + 80*h + 16. Determine u(-13).
-179
Let d(i) = -464*i - 50121. What is d(-103)?
-2329
Let r(s) = -s**3 - 227*s**2 + 6448*s + 1463694. What is r(-227)?
-2
Let v(a) = 956*a**2 - 246*a - 246. Determine v(-1).
956
Let k(i) = -i**2 + 23*i + 2350. Calculate k(-47).
-940
Let y(v) = 3056*v - 128367. Calculate y(42).
-15
Let q(r) = -r**3 - 13*r**2 + 6699*r + 80501. What is q(-12)?
-31
Let x(z) = 665*z**2 - 3038*z + 1512. What is x(4)?
0
Let n(d) = d**2 - 4546*d - 114285. Determine n(-25).
-10
Let z(g) = -7582*g - 46053. Determine z(-6).
-561
Let x(q) = 34*q**3 - 713*q**2 - 483. Give x(21).
-42
Let r(p) = 174572*p - 1571178. What is r(9)?
-30
Let b(y) = -3884*y**2 + 147591*y + 77. What is b(38)?
39
Let p(q) = 288*q + 24121. Determine p(-84).
-71
Let t(j) = -362*j**3 + 3981*j**2 + 94*j - 907. What is t(11)?
6
Let j(l) = -l**3 + 110*l**2 + 213*l - 17514. What is j(111)?
-6192
Let p(a) = -a**2 + 324*a + 13625. Give p(-38).
-131
Let x(o) = 329*o + 6928. Calculate x(-32).
-3600
Let d(q) = -262*q**3 - 2928*q**2 - 2928*q. Determine d(-1).
262
Let c(n) = 12*n**2 + 74*n + 226. What is c(-15)?
1816
Let s(d) = 8*d**2 + 2589*d - 24013. What is s(9)?
-64
Let c(l) = -1167*l - 205796. Calculate c(-176).
-404
Let q(w) = 3*w**2 + 488484*w - 3419534. What is q(7)?
1
Let u(i) = 58*i**2 - 529*i + 2611. What is u(5)?
1416
Let g(p) = -1450*p - 684466. What is g(-472)?
-66
Let k(f) = -f**2 - 468*f - 48680. Determine k(-156).
-8
Let t(v) = -809998*v - 810014. Determine t(-1).
-16
Let i(n) = -1537*n + 121468. What is i(79)?
45
Let y(a) = 169*a**2 - 52728*a + 74. What is y(312)?
74
Let t(i) = 105243*i + 526222. What is t(-5)?
7
Let d(q) = 2*q**2 + 5*q - 334. What is d(-12)?
-106
Let f(i) = -11*i**2 - 101*i - 960. What 